ainder when 1613592 is divided by 503?
471
What is the remainder when 422921 is divided by 332?
285
What is the remainder when 5420852 is divided by 66105?
242
What is the remainder when 681901 is divided by 92?
89
Calculate the remainder when 334247 is divided by 3679.
3137
What is the remainder when 4336808 is divided by 2400?
8
Calculate the remainder when 395218 is divided by 18287.
11191
What is the remainder when 60321 is divided by 29?
1
Calculate the remainder when 40151693 is divided by 3224.
3221
What is the remainder when 64797 is divided by 451?
304
What is the remainder when 41400 is divided by 17?
5
What is the remainder when 939750 is divided by 79?
45
What is the remainder when 984476 is divided by 131?
11
What is the remainder when 35410 is divided by 34129?
1281
Calculate the remainder when 5437826 is divided by 684.
26
Calculate the remainder when 1607426 is divided by 13857.
14
What is the remainder when 27070 is divided by 1775?
445
What is the remainder when 806773 is divided by 570?
223
What is the remainder when 1503269 is divided by 5368?
229
What is the remainder when 400383 is divided by 33361?
51
What is the remainder when 159874510 is divided by 304?
302
Calculate the remainder when 164542 is divided by 13137.
6898
Calculate the remainder when 115490059 is divided by 1910.
1909
What is the remainder when 152522 is divided by 3135?
2042
Calculate the remainder when 1824923 is divided by 27.
20
What is the remainder when 147849 is divided by 236?
113
Calculate the remainder when 11303743 is divided by 491463.
94
What is the remainder when 20245876 is divided by 416?
404
What is the remainder when 142243 is divided by 10934?
101
Calculate the remainder when 392452 is divided by 6227.
151
What is the remainder when 324186 is divided by 9005?
6
Calculate the remainder when 11333231 is divided by 2238.
2237
Calculate the remainder when 248647 is divided by 248611.
36
Calculate the remainder when 14210913 is divided by 18057.
54
What is the remainder when 3400996 is divided by 44744?
452
What is the remainder when 51689699 is divided by 2370?
2369
What is the remainder when 976803 is divided by 719?
401
Calculate the remainder when 1077994 is divided by 89832.
10
What is the remainder when 53247785 is divided by 65738?
5
Calculate the remainder when 16002287 is divided by 20.
7
What is the remainder when 7652004 is divided by 1860?
1824
What is the remainder when 419060 is divided by 16114?
96
What is the remainder when 40442303 is divided by 224?
223
What is the remainder when 20377 is divided by 2890?
147
Calculate the remainder when 5159413 is divided by 37118.
11
Calculate the remainder when 644635 is divided by 369.
361
What is the remainder when 17898 is divided by 4256?
874
What is the remainder when 842634213 is divided by 82?
81
Calculate the remainder when 8937 is divided by 1774.
67
Calculate the remainder when 293386 is divided by 73343.
14
Calculate the remainder when 2945 is divided by 2033.
912
What is the remainder when 79759002 is divided by 172?
22
Calculate the remainder when 13909820 is divided by 393.
371
Calculate the remainder when 482242 is divided by 764.
158
What is the remainder when 428259 is divided by 143?
117
What is the remainder when 998727 is divided by 132?
15
What is the remainder when 2596457 is divided by 99863?
19
Calculate the remainder when 53153 is divided by 17700.
53
What is the remainder when 28660 is divided by 2452?
1688
What is the remainder when 2794946 is divided by 133092?
14
What is the remainder when 73751 is divided by 11341?
5705
Calculate the remainder when 433746 is divided by 433432.
314
Calculate the remainder when 20871781 is divided by 78.
73
Calculate the remainder when 2439361 is divided by 813118.
7
What is the remainder when 310117 is divided by 1404?
1237
What is the remainder when 984335 is divided by 14265?
50
What is the remainder when 1552593 is divided by 517397?
402
Calculate the remainder when 872406 is divided by 385.
381
What is the remainder when 20251 is divided by 782?
701
Calculate the remainder when 8204417 is divided by 2064.
17
Calculate the remainder when 993125 is divided by 928.
165
Calculate the remainder when 77741182 is divided by 6.
4
What is the remainder when 7182816 is divided by 830?
826
What is the remainder when 42143 is divided by 3044?
2571
Calculate the remainder when 7941535 is divided by 2647169.
28
What is the remainder when 92659 is divided by 23016?
595
Calculate the remainder when 245590 is divided by 8233.
6833
What is the remainder when 980386 is divided by 4244?
22
What is the remainder when 117607 is divided by 58801?
5
Calculate the remainder when 2231871 is divided by 57.
36
Calculate the remainder when 73408554 is divided by 109.
106
Calculate the remainder when 11759735 is divided by 31.
9
What is the remainder when 1155602 is divided by 136?
10
Calculate the remainder when 371982 is divided by 9.
3
Calculate the remainder when 33328810 is divided by 16664392.
26
What is the remainder when 8410215 is divided by 2102535?
75
What is the remainder when 194332291 is divided by 2798?
2797
What is the remainder when 291996 is divided by 58394?
26
What is the remainder when 19844 is divided by 588?
440
What is the remainder when 5349703 is divided by 19105?
303
Calculate the remainder when 34257592 is divided by 1950.
1942
What is the remainder when 200679 is divided by 66886?
21
Calculate the remainder when 18261056 is divided by 691.
690
Calculate the remainder when 1701927 is divided by 199.
79
Calculate the remainder when 4638669 is divided by 19.
9
Calculate the remainder when 103352 is divided by 4460.
772
What is the remainder when 14693760 is divided by 1836716?
32
Calculate the remainder when 18900597 is divided by 15169.
23
What is the remainder when 32562354 is divided by 649?
77
What is the remainder when 45871997 is divided by 40?
37
Calculate the remainder when 32467 is divided by 387.
346
What is the remainder when 1886062 is divided by 943008?
46
What is the remainder when 11841 is divided by 3572?
1125
What is the remainder when 1594319 is divided by 139?
128
What is the remainder when 23692403 is divided by 6248?
6235
Calculate the remainder when 190306221 is divided by 4.
1
What is the remainder when 36797377 is divided by 552?
505
What is the remainder when 4175193 is divided by 2087551?
91
Calculate the remainder when 61708 is divided by 162.
148
Calculate the remainder when 55739662 is divided by 7.
6
Calculate the remainder when 1113218 is divided by 837.
8
What is the remainder when 19486598 is divided by 1986?
1952
What is the remainder when 12112269 is divided by 114?
111
What is the remainder when 342268 is divided by 6457?
47
What is the remainder when 18762452 is divided by 956?
952
What is the remainder when 850465 is divided by 283389?
298
Calculate the remainder when 88366 is divided by 29163.
877
What is the remainder when 7178251 is divided by 581?
577
Calculate the remainder when 3657448 is divided by 555.
553
What is the remainder when 509447 is divided by 6367?
87
Calculate the remainder when 6986689 is divided by 597.
595
What is the remainder when 2746673 is divided by 392375?
48
What is the remainder when 1914692 is divided by 3784?
3772
What is the remainder when 27020 is divided by 909?
659
What is the remainder when 117462737 is divided by 117462717?
20
Calculate the remainder when 731970 is divided by 343.
8
What is the remainder when 44120258 is divided by 14706749?
11
Calculate the remainder when 2402276 is divided by 1174.
272
Calculate the remainder when 54686 is divided by 1139.
14
What is the remainder when 13221 is divided by 774?
63
Calculate the remainder when 2996317 is divided by 3836.
401
Calculate the remainder when 130453019 is divided by 45.
44
What is the remainder when 305938 is divided by 33770?
2008
What is the remainder when 13136643 is divided by 295?
293
Calculate the remainder when 17521439 is divided by 16.
15
What is the remainder when 5407444 is divided by 2703716?
12
What is the remainder when 3334873 is divided by 423?
364
What is the remainder when 8519626 is divided by 608544?
10
Calculate the remainder when 36872494 is divided by 7237.
7216